*u + i. What is n(u)?
-5
Let v(q) be the third derivative of q**6/120 + 2*q**5/15 - q**4/3 + 11*q**3/6 + 114845*q**2. Let c = 12 - 21. Give v(c).
2
Let s(q) = -4457*q - 4. Let k(p) = -3714*p - 5. Let d(a) = 6*k(a) - 5*s(a). Suppose -5*x - 1 = t, 3*x = -t - 0 + 1. Let c be 1/x*7/(-1). Give d(c).
-3
Let b(v) = 47*v + 3337. Let z be b(-71). Let h(i) = -i**3 + i**2 - 2*i - 10. What is h(z)?
-10
Let i(b) = -b**2 + 10*b + 1. Let j(o) = o**3 - 16*o**2 + 53*o - 15. Let k(c) = 2*i(c) + j(c). Give k(12).
-1
Let x(g) = -5*g**2 + 14*g**2 - g**3 - 3*g + 17 + 4*g + 7*g. Let a be x(10). Let n(b) be the first derivative of 3*b**2/2 - b + 13. Determine n(a).
-10
Let a(h) = -h + 3. Let j(u) = 2*u - 2. Let r(n) = -4*a(n) - 3*j(n). Suppose -39 = -31*c + 85. Suppose c*i = 17 + 7. Give r(i).
-18
Let j(r) = -r**3 - 9*r**2 - 12*r + 18. Let m be j(-7). Let f be ((-1)/m + 0)*12. Let t(l) = -9*l + 1. Calculate t(f).
28
Let c(n) = 19*n**2 - 9*n + 3. Let s(v) = 25*v**2 - 9*v + 2. Let l(j) = -4*c(j) + 3*s(j). Suppose z + 1 = 0, 3*z - 14 = 2*f - 25. What is l(f)?
14
Let v(n) = -9*n**2 + 32*n**3 - 12*n**3 + 2*n - 4*n - n - 21*n**3 + 33. Let f be v(-8). Let q(c) = c**3 + 7*c**2 + 3. What is q(f)?
3
Let q(l) = -7*l**3 + 3*l**2 - 8*l + 6. Suppose 0 = 6*i - 4*i - 10. Let c(y) = -8*y**3 + 3*y**2 - 9*y + 7. Let b(u) = i*c(u) - 6*q(u). What is b(2)?
9
Let z(u) = -u**2 + 5*u - 2. Suppose 2*h - 86 = 58. Let c = h + -66. Determine z(c).
-8
Let t(g) = 13*g + 1. Let l(b) = 8*b + 1. Let q(s) = -8*l(s) + 5*t(s). Suppose -2*w = -2*u + 6, -u = 6*w - 5*w + 7. What is q(w)?
-8
Let m(f) be the second derivative of -f**5/20 + 5*f**4/6 - f**3/6 + 7*f**2 - 505*f - 3. Give m(10).
4
Let q = -141 + 132. Let b be (-4 - -7)*33/q. Let y be (-1 - (-68)/b) + (-8)/(-44). Let z(r) = -r. Calculate z(y).
7
Let h(w) = w**3 - 21*w**2 - 84*w + 1760. Let s be h(21). Suppose -3*i = i + 4*k - 16, 0 = 5*i + 3*k - 16. Let a(f) = f**i - 3*f - 1 + 2 + 8*f. Determine a(s).
-3
Let r(y) be the third derivative of -y**4/24 - 3*y**3/2 - 2*y**2 + 36. Let w be r(-9). Let k(a) = 4 - 2 + 2*a + 4 - a. Give k(w).
6
Let u be -2*(2 + (-8)/(80/25)). Let j(q) = 1 - 3737*q**2 - u + 3755*q**2 - q. Determine j(1).
17
Let k(i) = -15*i**2 - 36. Let q(d) = 28*d**2 + 65. Let a(t) = -9*k(t) - 5*q(t). Suppose 0 = 2*w - 2*x - 14, 4*w + 4*x - 61 = -1. Let u = w - 12. Calculate a(u).
-6
Let h(g) = 30*g + 60. Suppose -10 = 5*y + 5*x, 27*x - 23*x + 2 = -y. What is h(y)?
0
Let z(v) = -7*v**2 - 1. Let d(a) = -a**3 + a**2 + a - 1. Let t be 9/(-21) - (-6)/14. Let u be t*(-2)/(-4)*11/(-22). Let h be d(u). Determine z(h).
-8
Let i(h) = 5*h**2 + 4*h - 8. Let y(u) = -14*u**2 - 11*u + 23. Suppose 5 = 5*j - 5*d, -5*j - 5 - 20 = d. Let a = j - 7. Let g(f) = a*i(f) - 4*y(f). What is g(0)?
-4
Let m(k) = 45*k - 2. Let w(c) = 3*c + 1. Let t(i) = m(i) + 7*w(i). Determine t(-2).
-127
Let u(t) = -10*t - 387 + 387. Let j(h) = 3*h. Let s(n) = 6*j(n) + 2*u(n). Give s(2).
-4
Let q(y) = y + 0*y - 4*y**2 + 0*y - 12*y**2. Let s = -4 - 1. Let z(u) = 2*u + 11. Let g be z(s). Determine q(g).
-15
Let a(i) be the first derivative of 3*i**2/2 + 23*i + 10289. What is a(-6)?
5
Let s = 38 - 14. Suppose 3*o = 3*g + s, 2*g + 11 - 72 = -5*o. Suppose o*z - 3*z = -48. Let m(b) = b - 1. What is m(z)?
-7
Suppose v + 0 = -4. Let f(k) = -k**3 + k. Let p be -3 + (0 - 4/(-2)). Let q(d) = 5*d**3 + 4*d**2 - 6*d + 2. Let s(g) = p*q(g) - 4*f(g). Determine s(v).
-10
Let u(d) = -5*d**2 - d + 1. Let p be 1/16*-2*-8. Let k be -3 - (p + -9 + 3). Suppose -7*s + 3*s - k = 3*l, 4*s = -l + 2. What is u(s)?
-5
Let w be ((-10)/25*-5)/(-2). Let d be 18 + (0 - (1 - w)). Suppose 5*p + d = -o, -o + 8 = -3*o - 4*p. Let q(t) = -t**2 + 7*t - 6. Determine q(o).
6
Let b(d) = d + 1. Suppose -4*a + 5 = 5*o, 0 = -4*a - 4*o - 0*o + 8. Suppose 0 = -a*j, s + 0*j - 5 = -2*j. Suppose -s*m + 14 = 2*m. Give b(m).
3
Let k(h) = -h - 11. Suppose 9*i + 17 = 251. Suppose -2*s - 24 = -3*s - 2*w, 3*s + w = 77. Let u = s - i. Determine k(u).
-11
Let j = 438 + -428. Let x(k) = 4*k - 35. Determine x(j).
5
Let h be 920/(-160) - 3/12. Let r(v) = -2*v**2 + v + 9. Calculate r(h).
-69
Suppose -4*a = -0*a. Let n(b) = b**2 + 3 - 51276474*b + 51276475*b + 5. What is n(a)?
8
Suppose 48 = -2*r - 3*l + 65, 5*r - 29 = -3*l. Let z(a) = -3*a**2 + 15*a + 1. Give z(r).
13
Let q(g) = -2*g**2 - 2*g + 1. Let y(p) = -p**2 - 15*p - 13. Suppose -8 = 4*k - 0. Let w be -13 - (-1 + 4 + k). Let m be y(w). Determine q(m).
-3
Let f(r) = r**2 - 3*r - 8. Let n = -546 - -616. Suppose -22*c = -12*c - n. Determine f(c).
20
Suppose -1018*r + 1014*r + 72 = -4*s, 3*s = -5*r + 146. Let a(n) = -8*n + 176. What is a(r)?
-24
Let h be 6 + (3 - ((-255)/6)/(-5)). Let o(t) be the first derivative of -4/3*t**3 + t - h*t**2 + 11. Determine o(1).
-4
Let r(h) = 11*h + 84. Suppose -p = -2*b, 4*p + 548 = 4*b + 532. Give r(p).
-4
Suppose -3*t = -4*k + 23, -5*t - 18 = 9*k - 58. Let n(d) = -d**2 + 3*d - 12. Give n(k).
-22
Suppose 0 = -0*m + 64*m + 56 + 264. Let p(g) = -5*g + 8. Determine p(m).
33
Let g be (18 - 18)/(3 + -5). Let p(y) = 3*y - 2*y - 3 - 6. Determine p(g).
-9
Let v(w) be the third derivative of -w**6/120 - w**5/60 + 2*w**3 + 323*w**2. Calculate v(0).
12
Let z(a) = 3*a - 9. Suppose 747 = 7*n - 835. Suppose 5*w - 129 = n. Let q = w + -65. What is z(q)?
9
Let w(x) = -3*x**3 - 19*x**2 + 59*x - 3. Let a(k) = 5*k**3 + 19*k**2 - 58*k + 3. Let t(b) = -2*a(b) - 3*w(b). Give t(15).
-12
Let i(w) = 7*w**3 + 23*w**2 - 7*w + 1. Let h(p) = -2*p**3 - 2*p**2 + 1. Let j(f) = 3*h(f) + i(f). Give j(-17).
123
Let s(b) = -b**3 + 7*b**2 - 6*b + 2. Suppose 10*k = 5*k + 10. Suppose -13*a + 14*a = k. Let w be a - 9/((-27)/12). Give s(w).
2
Let o(x) be the third derivative of -x**6/30 + x**5/30 - 7*x**4/12 + 13*x**3/6 - 278*x**2 - x - 2. Give o(1).
-3
Suppose 8053 + 107 = -136*r. Let s(u) = u + 55. Determine s(r).
-5
Suppose 12*q = 17*q - 105. Let x(g) = 2*g - 23 - 18 - q + 59. What is x(2)?
1
Let l be (24/(-10))/(216/(-360)). Suppose l*r = q + 2, 5*q + 36 + 16 = -r. Let v(w) = w + 8. What is v(q)?
-2
Let s(x) = 4*x + 7*x**2 - 6*x**2 - 2*x**2 - 2. Suppose -21*f = -7*f + 42. Let g be f/(-1) - (11 + -13). What is s(g)?
-7
Let i(b) = 4*b + 52. Let q(z) = 68*z + 904. Let g(s) = 52*i(s) - 3*q(s). Determine g(2).
0
Let k(u) = -1217*u + 303 + 1216*u - 302. Let v(c) = -c**2 - 6*c - 3. Let i be v(-4). Suppose -4*y - 3*f - 10 = -f, 5*y - i*f = -20. Determine k(y).
4
Let q(j) = -j - 11. Suppose 4*v + 6*x + 4044 = 3*x, 0 = 4*x + 16. Let c be (-2)/5 - v/(-180). Give q(c).
-5
Let m(r) = r**3 + 8*r**2 + r - 5. Let s = -6 + 10. Let t be 2 + ((-6)/(-3) - s - 8). Give m(t).
-13
Let w(t) be the second derivative of t**5/10 + 4*t**4/3 + 17*t**3/6 + 13*t**2/2 + 3128*t. Give w(-7).
-8
Let c(t) = -2*t**2 + 15*t - 24. Let x be c(3). Suppose 5*w - 4 + 2 = x*m, 4*m + 22 = -3*w. Let b(v) = 4*v**3 + 3*v**2 + 2*v + 1. Calculate b(w).
-23
Let w(b) be the third derivative of 7/12*b**4 - 13/60*b**5 + 0*b + 33*b**2 + 0 + 1/120*b**6 - 3*b**3. Give w(12).
6
Let p(s) = 5*s**2 - 2*s. Let j = -48 - -52. Let y be 70/6 + (-12)/(-36). Let o be (2/j)/(y/48). Give p(o).
16
Let f(h) = -h**2 - 9*h + 6. Let o be 6/(-18) + (-68)/12. Calculate f(o).
24
Let n(u) = -u. Suppose 4*s - 904 = 248. Let y = -294 + s. Determine n(y).
6
Let u(b) = -2*b**3 + 4*b**2 + 6*b + 13. Let q(c) = c**3 + c**2 - c - 3. Let d = -773 + 774. Let l(h) = d*u(h) + 3*q(h). Determine l(-7).
-17
Let o(c) = -4*c + 76. Let n(u) = -14*u**3 + 146*u**2 - 61*u + 33. Let m be n(10). Give o(m).
-16
Let p(l) = -2080 + 3*l + 4091 - 2070. Calculate p(14).
-17
Let s(y) = 7*y**2 + y - 72. Let u(a) = -40*a**2 - 4*a + 426. Let i(f) = -17*s(f) - 3*u(f). Calculate i(9).
-18
Let j(d) = -d**3 - 3*d**2 + 7*d + 5. Let i = 120 - 116. Suppose 0*z = 4*y - 5*z + 30, -28 = 4*y - i*z. Give j(y).
20
Let a(d) = -288*d**2 + 0*d + 287*d**2 + 27 + d + 4*d - 6*d. Determine a(4).
7
Let p(t) = -27*t**3 - 11*t**2 + 53*t + 30. Let w(j) = -17*j**3 - 8*j**2 + 32*j + 20. Let m(i) = 5*p(i) - 8*w(i). Determine m(-7).
25
Suppose -2*s - 3 = 5*o, 2*s = -s + 5*o - 17. Let k(b) = -2*b - 7. Let c(u) = 4*u + 14. Let j(p) = s*c(p) - 10*k(p). Determine j(-5).
-6
Let d(g) = 3*g**3 - g**2 + 3*g - 1. Let n(o) = 4*o**2 - 29*o - 15. Let v be n(11). Let w be (6/10)/(45/v). Determine d(w).
25
Let v be (320/36)/4 + 2/(-9). Suppo